{"id":578,"date":"2025-02-07T14:16:51","date_gmt":"2025-02-07T12:16:51","guid":{"rendered":"http:\/\/www.ptvii.fi\/?page_id=578"},"modified":"2025-02-26T14:33:18","modified_gmt":"2025-02-26T12:33:18","slug":"ulappalinnut","status":"publish","type":"page","link":"https:\/\/www.ptvii.fi\/index.php\/ulappalinnut\/","title":{"rendered":"Ulappalinnut"},"content":{"rendered":"\n<p><strong>Lahko Procellariiformes &#8211; Ulappalinnut<\/strong><\/p>\n\n\n\n<p><strong>Heimo Procellariidae &#8211; Ulappaliit\u00e4j\u00e4t<\/strong><\/p>\n\n\n\n<p>myrskylintu  <em>Fulmarus glacialis<\/em>  stormf\u00e5gel  Northern Fulmar<\/p>\n\n\n\n<p>nokiliit\u00e4j\u00e4  <em>Puffinus griseus<\/em>  gr\u00e5lira  Sooty Shearwater<\/p>\n\n\n\n<p>pikkuliit\u00e4j\u00e4  <em>Puffinus puffinus<\/em>  mindre lira  Manx Shearwater<\/p>\n\n\n\n<p><strong>Heimo Hydrobatidae &#8211; Ulappakeijut<\/strong><\/p>\n\n\n\n<p>merikeiju  <em>Hydrobates pelagicus<\/em>  stormsvala  European Storm Petrel<\/p>\n\n\n\n<p>myrskykeiju  <em>Oceanodroma leucorhoa<\/em>  klykstj\u00e4rtad stormsvala  Leach&#8217;s Storm Petrel<\/p>\n\n\n\n<p>madeirankeiju  <em>Oceanodroma castro<\/em>  oceanl\u00f6pare  Madeiran Storm Petrel<\/p>\n\n\n\n<p><em>Sivua muokattu 26.2.2025<\/em><\/p>\n","protected":false},"excerpt":{"rendered":"<p>Lahko Procellariiformes &#8211; Ulappalinnut Heimo Procellariidae &#8211; Ulappaliit\u00e4j\u00e4t myrskylintu Fulmarus glacialis stormf\u00e5gel Northern Fulmar nokiliit\u00e4j\u00e4 Puffinus griseus gr\u00e5lira Sooty Shearwater pikkuliit\u00e4j\u00e4 Puffinus puffinus mindre lira Manx Shearwater Heimo Hydrobatidae &#8211; Ulappakeijut merikeiju Hydrobates pelagicus stormsvala European Storm Petrel myrskykeiju Oceanodroma leucorhoa klykstj\u00e4rtad stormsvala Leach&#8217;s Storm Petrel madeirankeiju Oceanodroma castro oceanl\u00f6pare Madeiran Storm Petrel Sivua muokattu &hellip; <\/p>\n<p><a class=\"more-link btn\" href=\"https:\/\/www.ptvii.fi\/index.php\/ulappalinnut\/\">Jatka lukemista<\/a><\/p>\n","protected":false},"author":1,"featured_media":0,"parent":0,"menu_order":0,"comment_status":"closed","ping_status":"closed","template":"","meta":{"footnotes":""},"class_list":["post-578","page","type-page","status-publish","hentry","nodate","item-wrap"],"_links":{"self":[{"href":"https:\/\/www.ptvii.fi\/index.php\/wp-json\/wp\/v2\/pages\/578","targetHints":{"allow":["GET"]}}],"collection":[{"href":"https:\/\/www.ptvii.fi\/index.php\/wp-json\/wp\/v2\/pages"}],"about":[{"href":"https:\/\/www.ptvii.fi\/index.php\/wp-json\/wp\/v2\/types\/page"}],"author":[{"embeddable":true,"href":"https:\/\/www.ptvii.fi\/index.php\/wp-json\/wp\/v2\/users\/1"}],"replies":[{"embeddable":true,"href":"https:\/\/www.ptvii.fi\/index.php\/wp-json\/wp\/v2\/comments?post=578"}],"version-history":[{"count":2,"href":"https:\/\/www.ptvii.fi\/index.php\/wp-json\/wp\/v2\/pages\/578\/revisions"}],"predecessor-version":[{"id":640,"href":"https:\/\/www.ptvii.fi\/index.php\/wp-json\/wp\/v2\/pages\/578\/revisions\/640"}],"wp:attachment":[{"href":"https:\/\/www.ptvii.fi\/index.php\/wp-json\/wp\/v2\/media?parent=578"}],"curies":[{"name":"wp","href":"https:\/\/api.w.org\/{rel}","templated":true}]}}