{"id":555,"date":"2025-02-07T14:24:55","date_gmt":"2025-02-07T12:24:55","guid":{"rendered":"http:\/\/www.ptvii.fi\/?page_id=555"},"modified":"2025-02-26T14:20:22","modified_gmt":"2025-02-26T12:20:22","slug":"pollolinnut-ja-kehraajalinnut","status":"publish","type":"page","link":"http:\/\/www.ptvii.fi\/index.php\/pollolinnut-ja-kehraajalinnut\/","title":{"rendered":"P\u00f6ll\u00f6linnut ja Kehr\u00e4\u00e4j\u00e4linnut"},"content":{"rendered":"\n<p><strong>Lahko Strigiformes &#8211; P\u00f6ll\u00f6linnut<\/strong><\/p>\n\n\n\n<p><strong>Heimo Tytonidae &#8211; Tornip\u00f6ll\u00f6t<\/strong><\/p>\n\n\n\n<p>tornip\u00f6ll\u00f6  <em>Tyto alba<\/em>  tornuggla  Barn Owl<\/p>\n\n\n\n<p><strong>Heimo Strigidae &#8211; P\u00f6ll\u00f6t<\/strong><\/p>\n\n\n\n<p>kyl\u00e4p\u00f6ll\u00f6nen  <em>Otus scops<\/em>  dv\u00e4rguv  Scops Owl<\/p>\n\n\n\n<p>huuhkaja  <em>Bubo bubo<\/em>   berguv  Eagle Owl<\/p>\n\n\n\n<p>tunturip\u00f6ll\u00f6  <em>Bubo scandiacus<\/em>  fj\u00e4lluggla  Snowy Owl<\/p>\n\n\n\n<p>hiirip\u00f6ll\u00f6  <em>Surnia ulula<\/em>  h\u00f6kuggla  Hawk Owl<\/p>\n\n\n\n<p>varpusp\u00f6ll\u00f6  <em>Glaucidium passerinum<\/em>  sparvuggla  Pygmy Owl<\/p>\n\n\n\n<p>minervanp\u00f6ll\u00f6  <em>Athene noctua<\/em>  minervauggla  Little Owl<\/p>\n\n\n\n<p>lehtop\u00f6ll\u00f6  <em>Strix aluco<\/em>  kattuggla  Tawny Owl<\/p>\n\n\n\n<p>viirup\u00f6ll\u00f6  <em>Strix uralensis<\/em>  slaguggla  Ural Owl<\/p>\n\n\n\n<p>lapinp\u00f6ll\u00f6  <em>Strix nebulosa<\/em>  lappuggla  Great Grey Owl<\/p>\n\n\n\n<p>sarvip\u00f6ll\u00f6  <em>Asio otus<\/em>  hornuggla  Long-eared Owl<\/p>\n\n\n\n<p>suop\u00f6ll\u00f6  <em>Asio flammeus<\/em>  jorduggla  Short-eared Owl<\/p>\n\n\n\n<p>helmip\u00f6ll\u00f6  <em>Aegolius funereus<\/em>  p\u00e4rluggla  Tengmalm&#8217;s Owl<\/p>\n\n\n\n<p><strong>Lahko Caprimulgiformes &#8211; Kehr\u00e4\u00e4j\u00e4linnut<\/strong><\/p>\n\n\n\n<p><strong>Heimo Caprimulgidae &#8211; Kehr\u00e4\u00e4j\u00e4t<\/strong><\/p>\n\n\n\n<p>kehr\u00e4\u00e4j\u00e4  <em>Caprimulgus europaeus<\/em>  nattsk\u00e4rra  European Nightjar<\/p>\n\n\n\n<p><em>Sivua muokattu 26.2.2025<\/em><\/p>\n\n\n\n<p><\/p>\n","protected":false},"excerpt":{"rendered":"<p>Lahko Strigiformes &#8211; P\u00f6ll\u00f6linnut Heimo Tytonidae &#8211; Tornip\u00f6ll\u00f6t tornip\u00f6ll\u00f6 Tyto alba tornuggla Barn Owl Heimo Strigidae &#8211; P\u00f6ll\u00f6t kyl\u00e4p\u00f6ll\u00f6nen Otus scops dv\u00e4rguv Scops Owl huuhkaja Bubo bubo berguv Eagle Owl tunturip\u00f6ll\u00f6 Bubo scandiacus fj\u00e4lluggla Snowy Owl hiirip\u00f6ll\u00f6 Surnia ulula h\u00f6kuggla Hawk Owl varpusp\u00f6ll\u00f6 Glaucidium passerinum sparvuggla Pygmy Owl minervanp\u00f6ll\u00f6 Athene noctua minervauggla Little Owl lehtop\u00f6ll\u00f6 &hellip; <\/p>\n<p><a class=\"more-link btn\" href=\"http:\/\/www.ptvii.fi\/index.php\/pollolinnut-ja-kehraajalinnut\/\">Jatka lukemista<\/a><\/p>\n","protected":false},"author":1,"featured_media":0,"parent":0,"menu_order":0,"comment_status":"closed","ping_status":"closed","template":"","meta":{"footnotes":""},"class_list":["post-555","page","type-page","status-publish","hentry","nodate","item-wrap"],"_links":{"self":[{"href":"http:\/\/www.ptvii.fi\/index.php\/wp-json\/wp\/v2\/pages\/555","targetHints":{"allow":["GET"]}}],"collection":[{"href":"http:\/\/www.ptvii.fi\/index.php\/wp-json\/wp\/v2\/pages"}],"about":[{"href":"http:\/\/www.ptvii.fi\/index.php\/wp-json\/wp\/v2\/types\/page"}],"author":[{"embeddable":true,"href":"http:\/\/www.ptvii.fi\/index.php\/wp-json\/wp\/v2\/users\/1"}],"replies":[{"embeddable":true,"href":"http:\/\/www.ptvii.fi\/index.php\/wp-json\/wp\/v2\/comments?post=555"}],"version-history":[{"count":3,"href":"http:\/\/www.ptvii.fi\/index.php\/wp-json\/wp\/v2\/pages\/555\/revisions"}],"predecessor-version":[{"id":634,"href":"http:\/\/www.ptvii.fi\/index.php\/wp-json\/wp\/v2\/pages\/555\/revisions\/634"}],"wp:attachment":[{"href":"http:\/\/www.ptvii.fi\/index.php\/wp-json\/wp\/v2\/media?parent=555"}],"curies":[{"name":"wp","href":"https:\/\/api.w.org\/{rel}","templated":true}]}}